rs of 3186160495.
5, 7, 91033157
What are the prime factors of 119790658?
2, 13, 4607333
What are the prime factors of 131186385?
3, 5, 11, 2677
List the prime factors of 1397516266.
2, 6043, 115631
What are the prime factors of 699157331?
151, 4630181
What are the prime factors of 48579919?
5281, 9199
List the prime factors of 110406849.
3, 7, 83, 9049
What are the prime factors of 5971927216?
2, 53, 7042367
What are the prime factors of 3344798?
2, 19, 23, 43, 89
What are the prime factors of 99176713?
19, 23, 127, 1787
List the prime factors of 133397049.
3, 139, 319897
List the prime factors of 969538059.
3, 7, 732833
What are the prime factors of 349349027?
461, 757807
What are the prime factors of 1331436670?
2, 5, 31, 138547
List the prime factors of 36596615.
5, 11, 139, 4787
List the prime factors of 229733236.
2, 281, 313, 653
What are the prime factors of 118590329?
11, 13, 449, 1847
List the prime factors of 212811428.
2, 53202857
What are the prime factors of 693071704?
2, 13, 109, 4703
What are the prime factors of 84808715?
5, 31, 257, 2129
What are the prime factors of 294577899?
3, 7, 11, 1021, 1249
List the prime factors of 69153110.
2, 5, 13, 17, 29, 83
List the prime factors of 714756634.
2, 357378317
List the prime factors of 18193343.
7, 43, 60443
What are the prime factors of 51037004?
2, 12759251
List the prime factors of 174355861.
174355861
What are the prime factors of 715593417?
3, 7, 11, 487, 6361
What are the prime factors of 1272163786?
2, 636081893
List the prime factors of 258503433.
3, 113, 762547
What are the prime factors of 327810121?
37, 8859733
What are the prime factors of 1716710976?
2, 3, 993467
What are the prime factors of 46186744?
2, 53, 97, 1123
List the prime factors of 39842655.
3, 5, 499, 5323
What are the prime factors of 90705745?
5, 13, 283, 4931
List the prime factors of 4803985196.
2, 31817, 37747
What are the prime factors of 1501484218?
2, 13, 4442261
List the prime factors of 647209931.
5881, 110051
List the prime factors of 579366024.
2, 3, 24140251
What are the prime factors of 178677752?
2, 11, 17, 83, 1439
What are the prime factors of 32111762?
2, 79, 167, 1217
What are the prime factors of 4797943859?
19, 252523361
What are the prime factors of 108313634?
2, 11, 13, 34429
What are the prime factors of 685158387?
3, 228386129
List the prime factors of 284551810.
2, 5, 73, 389797
List the prime factors of 72907838.
2, 23, 137, 503
List the prime factors of 3847834888.
2, 480979361
List the prime factors of 204986866.
2, 7, 14641919
List the prime factors of 84081627.
3, 7, 1334629
What are the prime factors of 2921602?
2, 67, 21803
What are the prime factors of 38548227?
3, 12849409
What are the prime factors of 2013168764?
2, 17, 101, 293123
What are the prime factors of 6876904290?
2, 3, 5, 643, 356501
What are the prime factors of 276863229?
3, 47, 67, 9769
List the prime factors of 68076186.
2, 3, 31, 366001
List the prime factors of 769950228.
2, 3, 64162519
What are the prime factors of 30467015?
5, 6093403
List the prime factors of 31299171.
3, 2549, 4093
What are the prime factors of 70653104?
2, 4415819
What are the prime factors of 50711037?
3, 13, 1300283
List the prime factors of 359307308.
2, 17, 719, 7349
What are the prime factors of 1076615207?
17317, 62171
What are the prime factors of 46660718?
2, 13, 79, 22717
What are the prime factors of 901167021?
3, 100129669
List the prime factors of 148788829.
7, 19, 1118713
What are the prime factors of 39944223?
3, 11, 29, 13913
What are the prime factors of 861201970?
2, 5, 86120197
What are the prime factors of 129619720?
2, 5, 23, 140891
What are the prime factors of 1761831323?
7, 251690189
List the prime factors of 238496744.
2, 4481, 6653
What are the prime factors of 210836408?
2, 331, 79621
What are the prime factors of 111033597?
3, 37011199
What are the prime factors of 575930183?
31, 599303
What are the prime factors of 37789020?
2, 3, 5, 209939
List the prime factors of 3252385358.
2, 1626192679
List the prime factors of 176305073.
7, 67, 167, 2251
What are the prime factors of 663092962?
2, 7, 331, 143093
List the prime factors of 97702400.
2, 5, 17, 449
What are the prime factors of 144790541?
7, 53, 127, 439
List the prime factors of 42078114.
2, 3, 13, 179821
What are the prime factors of 736046329?
151, 1009, 4831
List the prime factors of 81819593.
81819593
List the prime factors of 2674609244.
2, 151, 4428161
List the prime factors of 22439596.
2, 313, 17923
List the prime factors of 547161755.
5, 7, 193, 81001
What are the prime factors of 199858247?
23, 8689489
What are the prime factors of 120343489?
7, 17191927
List the prime factors of 215183082.
2, 3, 1289, 27823
List the prime factors of 1052320019.
367, 2867357
List the prime factors of 1057023194.
2, 528511597
List the prime factors of 3540095070.
2, 3, 5, 79, 137, 10903
List the prime factors of 2268033448.
2, 283504181
List the prime factors of 210925118.
2, 19, 59, 94079
What are the prime factors of 1336884105?
3, 5, 89125607
What are the prime factors of 486423500?
2, 5, 972847
What are the prime factors of 1345625634?
2, 3, 224270939
List the prime factors of 177575308.
2, 991, 44797
List the prime factors of 19626774.
2, 3, 23, 142223
What are the prime factors of 16552547?
11, 1504777
What are the prime factors of 190578123?
3, 7058449
What are the prime factors of 102438?
2, 3, 7, 271
What are the prime factors of 169599153?
3, 56533051
List the prime factors of 196727159.
19, 10354061
What are the prime factors of 261832085?
5, 52366417
List the prime factors of 694937935.
5, 167, 431, 1931
List the prime factors of 296217762.
2, 3, 1069, 46183
List the prime factors of 112906018.
2, 19, 37, 131, 613
List the prime factors of 2430752993.
2430752993
List the prime factors of 602246188.
2, 37, 1117, 3643
What are the prime factors of 27632506?
2, 11, 1256023
What are the prime factors of 5391974037?
3, 61, 1399, 21061
What are the prime factors of 85755901?
7, 11, 1113713
List the prime factors of 25684704.
2, 3, 101, 883
What are the prime factors of 375779185?
5, 107, 702391
What are the prime factors of 877985035?
5, 2477, 70891
What are the prime factors of 459741423?
3, 19, 43, 187573
What are the prime factors of 745551378?
2, 3, 11, 13, 32183
What are the prime factors of 3008874361?
73, 41217457
List the prime factors of 305261717.
271, 647, 1741
List the prime factors of 691809034.
2, 7, 49414931
What are the prime factors of 1174157704?
2, 37, 1301, 3049
List the prime factors of 193597934.
2, 96798967
List the prime factors of 8068340303.
43, 103, 1821707
List the prime factors of 1440282318.
2, 3, 240047053
What are the prime factors of 20370869?
19, 73, 773
List the prime factors of 1049467840.
2, 5, 53, 61879
What are the prime factors of 148387928?
2, 13, 1426807
What are the prime factors of 195143333?
7, 11, 51721
List the prime factors of 337608334.
2, 7, 431, 7993
List the prime factors of 367520174.
2, 7, 23, 269, 4243
What are the prime factors of 1570822770?
2, 3, 5, 11, 4760069
List the prime factors of 464128599.
3, 11, 19, 740237
What are the prime factors of 4625485975?
5, 11, 31, 542579
What are the prime factors of 382279200?
2, 3, 5, 47, 3389
What are the prime factors of 18732685?
5, 83, 45139
What are the prime factors of 538986143?
109, 4944827
What are the prime factors of 4684344499?
151, 31022149
List the prime factors of 93151248.
2, 3, 29, 66919
List the prime factors of 6970268998.
2, 7, 11, 109, 241, 1723
What are the prime factors of 66338503?
7, 11, 123077
What are the prime factors of 1543276413?
3, 7, 307, 11399
What are the prime factors of 151549545?
3, 5, 7, 31, 46559
What are the prime factors of 11988835?
5, 1069, 2243
What are the prime factors of 221312394?
2, 3, 23, 534571
What are the prime factors of 15766499?
7, 179, 12583
List the prime factors of 5174662522.
2, 2587331261
What are the prime factors of 2094482501?
17, 123204853
List the prime factors of 36987158.
2, 13, 1422583
What are the prime factors of 3795032967?
3, 11, 115000999
List the prime factors of 112740046.
2, 56370023
List the prime factors of 4854103324.
2, 7, 41, 4228313
What are the prime factors of 282849144?